atest common factor of 2370 and g?
30
Let w = 30 + -28. Suppose 3*m - 3 = -d, m + 1 = 2*d + w. Suppose 0 = 4*h + 5*t - d*t - 105, 4*t + 80 = 5*h. Calculate the greatest common factor of 50 and h.
10
Let w(a) be the first derivative of 2*a**3/3 + 5*a + 52. Let m be w(2). Calculate the greatest common divisor of m and 39.
13
Suppose -1971 = 12*p - 135. Let x = p + 171. What is the greatest common divisor of 153 and x?
9
Suppose -50*c + 47*c = t - 269, -5*c + 435 = -t. What is the highest common divisor of c and 136?
8
Suppose 0 = -4*l + 156 + 372. Let c = 20485 + -20254. What is the greatest common divisor of c and l?
33
Let w be (-1)/(5 + (62776/(-10912) - (-6)/8)). What is the highest common divisor of 248 and w?
31
Let k be (3450/(-4))/((-372)/2728). What is the highest common factor of 1012 and k?
253
Let s(q) be the second derivative of -13*q**3/6 - 6*q**2 - 11*q + 3. Let a be s(-3). Calculate the greatest common factor of a and 9.
9
Let a(o) be the second derivative of 67*o**3/2 + 3*o**2/2 + 7*o. Let w be a(2). Let h be (8/3)/(-6*(-3)/w). Calculate the highest common divisor of 40 and h.
20
Let x = 132 - 8. Suppose -326 = -39*m + 883. Calculate the highest common divisor of x and m.
31
Let r(l) = 24*l - 85. Let s be r(-12). Let o = s - -385. Suppose -3*n + 44 = 4*y, -3*n - 7*y + 2*y = -49. Calculate the greatest common factor of n and o.
4
Let n(v) = v - 28. Let o be n(0). Let c = -26 - o. Suppose -c*d + 78 = -18. Calculate the greatest common factor of d and 16.
16
Let b = 176 + 407. Suppose 0 = 20*a - 377 - b. What is the highest common divisor of 3 and a?
3
Suppose 36*m = 22741 + 1703. Suppose -2*r + 3*w + m = 0, -3*r - 3*w = -7*w - 1020. Calculate the greatest common factor of r and 43.
43
Let g be (-20)/9 - 12/(-54). Let m be (20/5)/(g + 3). Suppose -m*v = v - 400. Calculate the greatest common factor of 32 and v.
16
Let n = -18896 - -18959. Calculate the highest common divisor of n and 29169.
63
Let u be (-638)/(-493)*(-3 + 37). Calculate the highest common divisor of u and 605.
11
Let v(h) = 26*h**2 + 188*h + 40. Let y(t) = 9*t**2 + 63*t + 13. Let o(b) = 3*v(b) - 10*y(b). Let w be o(-5). Calculate the greatest common divisor of 640 and w.
20
Let l(f) = f**3 + 12*f**2 - 12*f - 45. Let v be l(-12). Suppose 3*d = -0*d + 33. Calculate the greatest common factor of d and v.
11
Let c = 2501 + -1285. Calculate the greatest common factor of 38 and c.
38
Let r(v) = v**3 + 5*v**2 - 7*v + 5. Let i be r(-6). Suppose -5*a - 54 = -x, 5*x - i = -5*a + 169. Calculate the greatest common factor of 65 and x.
13
Let i(t) = 39*t + 83. Let g be i(-2). Suppose 2*o = p + 10, -4*o + 8 + 24 = -g*p. Calculate the highest common factor of o and 177.
3
Let z(s) = -2*s**3 + 70*s**2 - 297*s - 35. Let k be z(30). What is the greatest common divisor of 1135 and k?
5
Let p(n) = -n**3 - 140*n**2 - 144*n + 125. Let a be p(-139). Calculate the highest common factor of 7708 and a.
164
Suppose -6*u + 250 = 670. Let j be (-4)/(-7)*u/20 - -8. What is the highest common factor of 42 and j?
6
Suppose -26*c + 11133 + 29002 = 8623. What is the highest common divisor of c and 108?
12
Let d = 5759 + -5679. What is the greatest common divisor of 1510 and d?
10
Let m(h) = -2*h**3 - 42*h**2 + 64*h + 457. Let x be m(-22). Suppose 0 = 2*p - 25 - 9. What is the highest common factor of p and x?
17
Let j = -8828 - -8832. What is the highest common divisor of 6104 and j?
4
Suppose -5*u + 3*u - 334 = -3*z, 4*u = 3*z - 338. Let d be 130/(-4)*(-44)/z. What is the highest common divisor of 221 and d?
13
Let g(l) be the first derivative of 2/3*l**3 - 15 - 1/2*l**2 + 4*l. Let k be g(6). Calculate the greatest common divisor of k and 5.
5
Let z = -88 - -83. Let d = 27 + z. What is the greatest common factor of d and 704?
22
Suppose -5*a = 60 + 70. Let w = 8 - a. Let o = 1957 - 1906. Calculate the greatest common factor of w and o.
17
Let a be 24/112 - (-6702)/84. Suppose 80 = t + 3*t. Calculate the greatest common divisor of a and t.
20
Suppose 4 = -h + 3*h. Suppose 0*o - 5*o = -g + 277, -5*g = h*o + 100. Let p be (22/o)/(((-2)/(-2))/(-15)). Calculate the highest common divisor of p and 15.
3
Suppose 0 = 3*w - 82*y + 87*y - 102, 165 = 4*w - 3*y. Suppose 3*f - 4*s = 1541, 0*s + 4*s - 2515 = -5*f. What is the highest common divisor of f and w?
39
Let c(t) = -t**2 - 11*t + 2050. Let m be c(35). Calculate the greatest common factor of m and 242.
22
Let i be (-166)/249*(-1719)/1. Calculate the greatest common factor of 66 and i.
6
Suppose -4*r + 478 + 26 + 1032 = 0. What is the greatest common divisor of 672 and r?
96
Let p be (-2)/3 - (-20)/12. Let q be p - (-2 + (3 - 0)). Let t be 23*(2 + -1 + q). Calculate the greatest common factor of t and 23.
23
Suppose 0*g + 912 = 16*g. What is the greatest common factor of 323 and g?
19
Let n = 5451 + -5427. Let q(w) = w**3 - 6*w**2 - 4*w - 12. Let x be q(10). What is the greatest common factor of x and n?
12
Let b be (-24)/(-20) + (-20)/100. Let d be ((-320)/10)/(b - 3). What is the highest common factor of 848 and d?
16
Suppose -318*u + 312*u = 2220. Let x be 147/42 + u/(-4). Calculate the highest common divisor of x and 84.
12
Suppose 22*h - 20*h = 688. Suppose -4*q + 27 = 5*s, q = 4*s - 2*s + 10. Calculate the highest common divisor of q and h.
8
Let d(u) = -u**3 - 63*u**2 - 180*u + 144. Let t be d(-60). What is the highest common divisor of 68 and t?
4
Suppose 1672*n - 1671*n - 13759 = -5*a, -68876 = -5*n + 2*a. Calculate the highest common factor of 426 and n.
142
Let l be (2 - (-44)/14) + (-2)/14. Suppose -79 = l*y - 319. Suppose 21*a - y = 18*a. What is the highest common divisor of 2 and a?
2
Let n be (-61)/(-671) - 723/(-33). Calculate the highest common divisor of n and 682.
22
Let u(n) = -27 - 30*n + 39*n - 20*n. Let k be u(-4). What is the greatest common factor of 17 and k?
17
Let u(g) = -12*g**3 - 3*g**2 - 3*g + 1. Let t be u(-1). Suppose t*p - 4140 = -2*p. What is the greatest common factor of 12 and p?
12
Let x be (420/(-7))/(-2 - (-56)/42). Let w be 2/1*(10 - 1). What is the highest common divisor of x and w?
18
Let i(g) = 16*g + 5. Let x be i(-2). Let j be 4/18 + ((-696)/x - -3). Calculate the greatest common factor of 551 and j.
29
Suppose 0 = -f - 2*d + 216, 3*f - 4*d = 936 - 278. Calculate the greatest common divisor of 4251 and f.
109
Let k = 214 + -71. Suppose -7*u + 2582 - 811 = 0. Let c be 23/u + (-120)/(-11). Calculate the highest common divisor of c and k.
11
Suppose -4*n = n - 150. Let j be (-11 - -60)*130/91. What is the highest common factor of n and j?
10
Suppose -584*v + 180260 + 181110 - 88058 = 0. Suppose 4*z - 145 - 271 = 0. What is the greatest common divisor of z and v?
52
Let a(i) = i**3 + 16*i**2 - 11*i + 49. Let b be a(-11). Calculate the highest common factor of 125 and b.
25
Let f(r) = 1205*r**3 - 5*r + 4. Let h be f(1). Let u = h - 716. What is the greatest common factor of u and 8?
8
Let p be 2/14 - (-83)/7. Suppose -108 - p = -5*o. Suppose 2*t + 17 = 3*m + 7, -26 = -3*m - 2*t. What is the highest common divisor of o and m?
6
Let o(j) = j**2 + 91*j - 2948. Let c be o(30). What is the highest common factor of c and 1?
1
Suppose -1763 - 541 = -12*a. Let p = a - 93. Calculate the highest common divisor of p and 132.
33
Let t(y) = y**2 - 26*y + 51. Let q(a) = 4*a**2 + 5*a + 3. Let d be q(-3). Let f be t(d). Calculate the highest common divisor of 6 and f.
3
Let l(u) = 242*u**3 - 3*u**2 - u + 8. Let s be l(2). Suppose -58 = 16*b - s. What is the highest common factor of b and 13?
13
Suppose 2*f - 103 + 65 = 0. Let i(c) = -c**3 + 3*c**2 - 1. Let y be i(-2). What is the highest common factor of y and f?
19
Let q = 7 + -5. Suppose -p + 5 = -q*p, 5*m - 5*p - 1375 = 0. Let z be 104/39*990/88. Calculate the highest common factor of z and m.
30
Suppose -46*n - 360 = -51*n. Let l(o) = o**3 - 9*o**2 + 20*o - 24. Let j be l(7). What is the highest common divisor of n and j?
18
Suppose -1291 = -6*a + 2573. What is the greatest common divisor of 56 and a?
28
Let j = 1215 + -280. Let t be 3021/159 + (-9 - -1). What is the highest common factor of j and t?
11
Let c(r) = -3*r**3 - 25*r**2 - 17*r - 7. Let o be c(-8). Let h = 43 + 48. What is the greatest common factor of o and h?
13
Suppose 0 = -5*r - 0*r + 35. Let q = -6197 - 